{"id":36,"date":"2022-03-26T08:46:09","date_gmt":"2022-03-26T08:46:09","guid":{"rendered":"http:\/\/kaposhotel.hu\/?page_id=36"},"modified":"2022-07-11T10:14:02","modified_gmt":"2022-07-11T10:14:02","slug":"fooldal","status":"publish","type":"page","link":"https:\/\/kaposhotel.hu\/english\/","title":{"rendered":"Kapos Hotel"},"content":{"rendered":"\n<p>It is our pleasure to welcome you on our virtual tour. Our hotel is located at the main square of Kaposv\u00e1r. You may enjoy an exceptional panorama of the historical town centre. Kaposv\u00e1r\u2019s sights, venues and malls are all only a walk away from our hotel. Our university town, which won the title \u2018Town of the Year\u2019 in 2008 awaits you with its quality cultural, artistic and sporting events all through the year. The history of our hotel began in the 1800s, under the name Korona Nagysz\u00e1ll\u00f3 (Crown Grand Hotel), and its building has always played a central role in the life of Kaposv\u00e1r ever since \u2014 serving as a resting place for businessmen, artists, salesmen, as well as travellers passing by. It\u2019s a place, where guests could immerse in culinary pleasures, forgetting about everyday problems.<\/p>\n","protected":false},"excerpt":{"rendered":"<p>It is our pleasure to welcome you on our virtual tour. Our hotel is located at the main square of Kaposv\u00e1r. You may enjoy an exceptional panorama of the historical town centre. Kaposv\u00e1r\u2019s sights, venues and malls are all only a walk away from our hotel. Our university town, which won the title \u2018Town of [&hellip;]<\/p>\n","protected":false},"author":1,"featured_media":0,"parent":0,"menu_order":0,"comment_status":"closed","ping_status":"closed","template":"","meta":{"ngg_post_thumbnail":0,"footnotes":""},"class_list":["post-36","page","type-page","status-publish","hentry"],"yoast_head":"<!-- This site is optimized with the Yoast SEO plugin v27.5 - https:\/\/yoast.com\/product\/yoast-seo-wordpress\/ -->\n<title>Kapos Hotel - Kapos Hotel<\/title>\n<meta name=\"description\" content=\"Sz\u00e1llod\u00e1nk, a Kapos Hotel - Caf\u00e9, Restaurant Kaposv\u00e1r f\u0151ter\u00e9n tal\u00e1lhat\u00f3. Szob\u00e1inkb\u00f3l egyed\u00fcl\u00e1ll\u00f3 panor\u00e1ma ny\u00edlik a t\u00f6rt\u00e9nelmi belv\u00e1rosra.\" \/>\n<meta name=\"robots\" content=\"index, follow, max-snippet:-1, max-image-preview:large, max-video-preview:-1\" \/>\n<link rel=\"canonical\" href=\"https:\/\/kaposhotel.hu\/english\/\" \/>\n<meta property=\"og:locale\" content=\"en_US\" \/>\n<meta property=\"og:type\" content=\"article\" \/>\n<meta property=\"og:title\" content=\"Kapos Hotel - Kapos Hotel\" \/>\n<meta property=\"og:description\" content=\"Sz\u00e1llod\u00e1nk, a Kapos Hotel - Caf\u00e9, Restaurant Kaposv\u00e1r f\u0151ter\u00e9n tal\u00e1lhat\u00f3. Szob\u00e1inkb\u00f3l egyed\u00fcl\u00e1ll\u00f3 panor\u00e1ma ny\u00edlik a t\u00f6rt\u00e9nelmi belv\u00e1rosra.\" \/>\n<meta property=\"og:url\" content=\"https:\/\/kaposhotel.hu\/english\/\" \/>\n<meta property=\"og:site_name\" content=\"Kapos Hotel\" \/>\n<meta property=\"article:modified_time\" content=\"2022-07-11T10:14:02+00:00\" \/>\n<meta name=\"twitter:card\" content=\"summary_large_image\" \/>\n<meta name=\"twitter:label1\" content=\"Est. reading time\" \/>\n\t<meta name=\"twitter:data1\" content=\"1 minute\" \/>\n<script type=\"application\/ld+json\" class=\"yoast-schema-graph\">{\"@context\":\"https:\\\/\\\/schema.org\",\"@graph\":[{\"@type\":\"WebPage\",\"@id\":\"https:\\\/\\\/kaposhotel.hu\\\/english\\\/\",\"url\":\"https:\\\/\\\/kaposhotel.hu\\\/english\\\/\",\"name\":\"Kapos Hotel - Kapos Hotel\",\"isPartOf\":{\"@id\":\"https:\\\/\\\/kaposhotel.hu\\\/english\\\/#website\"},\"datePublished\":\"2022-03-26T08:46:09+00:00\",\"dateModified\":\"2022-07-11T10:14:02+00:00\",\"description\":\"Sz\u00e1llod\u00e1nk, a Kapos Hotel - Caf\u00e9, Restaurant Kaposv\u00e1r f\u0151ter\u00e9n tal\u00e1lhat\u00f3. Szob\u00e1inkb\u00f3l egyed\u00fcl\u00e1ll\u00f3 panor\u00e1ma ny\u00edlik a t\u00f6rt\u00e9nelmi belv\u00e1rosra.\",\"breadcrumb\":{\"@id\":\"https:\\\/\\\/kaposhotel.hu\\\/english\\\/#breadcrumb\"},\"inLanguage\":\"en-US\",\"potentialAction\":[{\"@type\":\"ReadAction\",\"target\":[\"https:\\\/\\\/kaposhotel.hu\\\/english\\\/\"]}]},{\"@type\":\"BreadcrumbList\",\"@id\":\"https:\\\/\\\/kaposhotel.hu\\\/english\\\/#breadcrumb\",\"itemListElement\":[{\"@type\":\"ListItem\",\"position\":1,\"name\":\"Kezd\u0151lap\",\"item\":\"https:\\\/\\\/kaposhotel.hu\\\/english\\\/\"},{\"@type\":\"ListItem\",\"position\":2,\"name\":\"Kapos Hotel\"}]},{\"@type\":\"WebSite\",\"@id\":\"https:\\\/\\\/kaposhotel.hu\\\/english\\\/#website\",\"url\":\"https:\\\/\\\/kaposhotel.hu\\\/english\\\/\",\"name\":\"Kapos Hotel\",\"description\":\"Caf\u00e9, Restaurant\",\"publisher\":{\"@id\":\"https:\\\/\\\/kaposhotel.hu\\\/english\\\/#organization\"},\"potentialAction\":[{\"@type\":\"SearchAction\",\"target\":{\"@type\":\"EntryPoint\",\"urlTemplate\":\"https:\\\/\\\/kaposhotel.hu\\\/english\\\/?s={search_term_string}\"},\"query-input\":{\"@type\":\"PropertyValueSpecification\",\"valueRequired\":true,\"valueName\":\"search_term_string\"}}],\"inLanguage\":\"en-US\"},{\"@type\":\"Organization\",\"@id\":\"https:\\\/\\\/kaposhotel.hu\\\/english\\\/#organization\",\"name\":\"Kapos Hotel - Caf\u00e9, Restaurant\",\"url\":\"https:\\\/\\\/kaposhotel.hu\\\/english\\\/\",\"logo\":{\"@type\":\"ImageObject\",\"inLanguage\":\"en-US\",\"@id\":\"https:\\\/\\\/kaposhotel.hu\\\/english\\\/#\\\/schema\\\/logo\\\/image\\\/\",\"url\":\"http:\\\/\\\/kaposhotel.hu\\\/wp-content\\\/uploads\\\/2022\\\/04\\\/favicon.png\",\"contentUrl\":\"http:\\\/\\\/kaposhotel.hu\\\/wp-content\\\/uploads\\\/2022\\\/04\\\/favicon.png\",\"width\":512,\"height\":512,\"caption\":\"Kapos Hotel - Caf\u00e9, Restaurant\"},\"image\":{\"@id\":\"https:\\\/\\\/kaposhotel.hu\\\/english\\\/#\\\/schema\\\/logo\\\/image\\\/\"}}]}<\/script>\n<!-- \/ Yoast SEO plugin. -->","yoast_head_json":{"title":"Kapos Hotel - Kapos Hotel","description":"Sz\u00e1llod\u00e1nk, a Kapos Hotel - Caf\u00e9, Restaurant Kaposv\u00e1r f\u0151ter\u00e9n tal\u00e1lhat\u00f3. Szob\u00e1inkb\u00f3l egyed\u00fcl\u00e1ll\u00f3 panor\u00e1ma ny\u00edlik a t\u00f6rt\u00e9nelmi belv\u00e1rosra.","robots":{"index":"index","follow":"follow","max-snippet":"max-snippet:-1","max-image-preview":"max-image-preview:large","max-video-preview":"max-video-preview:-1"},"canonical":"https:\/\/kaposhotel.hu\/english\/","og_locale":"en_US","og_type":"article","og_title":"Kapos Hotel - Kapos Hotel","og_description":"Sz\u00e1llod\u00e1nk, a Kapos Hotel - Caf\u00e9, Restaurant Kaposv\u00e1r f\u0151ter\u00e9n tal\u00e1lhat\u00f3. Szob\u00e1inkb\u00f3l egyed\u00fcl\u00e1ll\u00f3 panor\u00e1ma ny\u00edlik a t\u00f6rt\u00e9nelmi belv\u00e1rosra.","og_url":"https:\/\/kaposhotel.hu\/english\/","og_site_name":"Kapos Hotel","article_modified_time":"2022-07-11T10:14:02+00:00","twitter_card":"summary_large_image","twitter_misc":{"Est. reading time":"1 minute"},"schema":{"@context":"https:\/\/schema.org","@graph":[{"@type":"WebPage","@id":"https:\/\/kaposhotel.hu\/english\/","url":"https:\/\/kaposhotel.hu\/english\/","name":"Kapos Hotel - Kapos Hotel","isPartOf":{"@id":"https:\/\/kaposhotel.hu\/english\/#website"},"datePublished":"2022-03-26T08:46:09+00:00","dateModified":"2022-07-11T10:14:02+00:00","description":"Sz\u00e1llod\u00e1nk, a Kapos Hotel - Caf\u00e9, Restaurant Kaposv\u00e1r f\u0151ter\u00e9n tal\u00e1lhat\u00f3. Szob\u00e1inkb\u00f3l egyed\u00fcl\u00e1ll\u00f3 panor\u00e1ma ny\u00edlik a t\u00f6rt\u00e9nelmi belv\u00e1rosra.","breadcrumb":{"@id":"https:\/\/kaposhotel.hu\/english\/#breadcrumb"},"inLanguage":"en-US","potentialAction":[{"@type":"ReadAction","target":["https:\/\/kaposhotel.hu\/english\/"]}]},{"@type":"BreadcrumbList","@id":"https:\/\/kaposhotel.hu\/english\/#breadcrumb","itemListElement":[{"@type":"ListItem","position":1,"name":"Kezd\u0151lap","item":"https:\/\/kaposhotel.hu\/english\/"},{"@type":"ListItem","position":2,"name":"Kapos Hotel"}]},{"@type":"WebSite","@id":"https:\/\/kaposhotel.hu\/english\/#website","url":"https:\/\/kaposhotel.hu\/english\/","name":"Kapos Hotel","description":"Caf\u00e9, Restaurant","publisher":{"@id":"https:\/\/kaposhotel.hu\/english\/#organization"},"potentialAction":[{"@type":"SearchAction","target":{"@type":"EntryPoint","urlTemplate":"https:\/\/kaposhotel.hu\/english\/?s={search_term_string}"},"query-input":{"@type":"PropertyValueSpecification","valueRequired":true,"valueName":"search_term_string"}}],"inLanguage":"en-US"},{"@type":"Organization","@id":"https:\/\/kaposhotel.hu\/english\/#organization","name":"Kapos Hotel - Caf\u00e9, Restaurant","url":"https:\/\/kaposhotel.hu\/english\/","logo":{"@type":"ImageObject","inLanguage":"en-US","@id":"https:\/\/kaposhotel.hu\/english\/#\/schema\/logo\/image\/","url":"http:\/\/kaposhotel.hu\/wp-content\/uploads\/2022\/04\/favicon.png","contentUrl":"http:\/\/kaposhotel.hu\/wp-content\/uploads\/2022\/04\/favicon.png","width":512,"height":512,"caption":"Kapos Hotel - Caf\u00e9, Restaurant"},"image":{"@id":"https:\/\/kaposhotel.hu\/english\/#\/schema\/logo\/image\/"}}]}},"_links":{"self":[{"href":"https:\/\/kaposhotel.hu\/english\/wp-json\/wp\/v2\/pages\/36","targetHints":{"allow":["GET"]}}],"collection":[{"href":"https:\/\/kaposhotel.hu\/english\/wp-json\/wp\/v2\/pages"}],"about":[{"href":"https:\/\/kaposhotel.hu\/english\/wp-json\/wp\/v2\/types\/page"}],"author":[{"embeddable":true,"href":"https:\/\/kaposhotel.hu\/english\/wp-json\/wp\/v2\/users\/1"}],"replies":[{"embeddable":true,"href":"https:\/\/kaposhotel.hu\/english\/wp-json\/wp\/v2\/comments?post=36"}],"version-history":[{"count":7,"href":"https:\/\/kaposhotel.hu\/english\/wp-json\/wp\/v2\/pages\/36\/revisions"}],"predecessor-version":[{"id":1264,"href":"https:\/\/kaposhotel.hu\/english\/wp-json\/wp\/v2\/pages\/36\/revisions\/1264"}],"wp:attachment":[{"href":"https:\/\/kaposhotel.hu\/english\/wp-json\/wp\/v2\/media?parent=36"}],"curies":[{"name":"wp","href":"https:\/\/api.w.org\/{rel}","templated":true}]}}